{"id":2,"date":"2024-05-01T13:54:30","date_gmt":"2024-05-01T11:54:30","guid":{"rendered":"http:\/\/zineb-na.com\/?page_id=2"},"modified":"2024-05-01T17:26:36","modified_gmt":"2024-05-01T15:26:36","slug":"page-d-exemple","status":"publish","type":"page","link":"https:\/\/www.zineb-na.com\/index.php\/page-d-exemple\/","title":{"rendered":"Page d\u2019Acceuil"},"content":{"rendered":"\n<p>Le cabinet de Ma\u00eetre Naanoua, votre avocat en droit Civile, Penal, Familial et administratif en Alg\u00e9rie, intervient avec efficacit\u00e9, comp\u00e9tence et rigueur juridique en :<\/p>\n\n\n\n<p>Droit de la famille (s\u00e9paration de corps, divorce, litige apr\u00e8s divorce, garde d&rsquo;enfants, requ\u00eate en adoption), Droit civil (responsabilit\u00e9 civile contractuelle, d\u00e9lictuelle, professionnelle), Droit m\u00e9dical (responsabilit\u00e9 m\u00e9dicale et indemnisation du pr\u00e9judice corporel), Baux d&rsquo;habitation (cong\u00e9s, r\u00e9siliation, expulsion).<\/p>\n\n\n\n<p>Votre avocat vous re\u00e7oit sur rendez-vous pour examiner votre situation juridique, vous informer sur vos droits, r\u00e9pondre \u00e0 vos questions, examiner l&rsquo;opportunit\u00e9 ou non d&rsquo;introduire une action judiciaire, transiger ou assurer votre d\u00e9fense.<\/p>\n\n\n\n<p>Ecoute, disponibilit\u00e9, r\u00e9activit\u00e9, professionnalisme et comp\u00e9tence sont les ma\u00eetres mots de votre avocat en Algerie, Ma\u00eetre Zineb Naanoua.<\/p>\n","protected":false},"excerpt":{"rendered":"<p>Le cabinet de Ma\u00eetre Naanoua, votre avocat en droit Civile, Penal, Familial et administratif en Alg\u00e9rie, intervient avec efficacit\u00e9, comp\u00e9tence et rigueur juridique en : Droit de la famille (s\u00e9paration de corps, divorce, litige apr\u00e8s divorce, garde d&rsquo;enfants, requ\u00eate en adoption), Droit civil (responsabilit\u00e9 civile contractuelle, d\u00e9lictuelle, professionnelle), Droit m\u00e9dical (responsabilit\u00e9 m\u00e9dicale et indemnisation du [&hellip;]<\/p>\n","protected":false},"author":1,"featured_media":0,"parent":0,"menu_order":0,"comment_status":"closed","ping_status":"open","template":"","meta":{"footnotes":""},"class_list":["post-2","page","type-page","status-publish","hentry"],"_links":{"self":[{"href":"https:\/\/www.zineb-na.com\/index.php\/wp-json\/wp\/v2\/pages\/2","targetHints":{"allow":["GET"]}}],"collection":[{"href":"https:\/\/www.zineb-na.com\/index.php\/wp-json\/wp\/v2\/pages"}],"about":[{"href":"https:\/\/www.zineb-na.com\/index.php\/wp-json\/wp\/v2\/types\/page"}],"author":[{"embeddable":true,"href":"https:\/\/www.zineb-na.com\/index.php\/wp-json\/wp\/v2\/users\/1"}],"replies":[{"embeddable":true,"href":"https:\/\/www.zineb-na.com\/index.php\/wp-json\/wp\/v2\/comments?post=2"}],"version-history":[{"count":3,"href":"https:\/\/www.zineb-na.com\/index.php\/wp-json\/wp\/v2\/pages\/2\/revisions"}],"predecessor-version":[{"id":14,"href":"https:\/\/www.zineb-na.com\/index.php\/wp-json\/wp\/v2\/pages\/2\/revisions\/14"}],"wp:attachment":[{"href":"https:\/\/www.zineb-na.com\/index.php\/wp-json\/wp\/v2\/media?parent=2"}],"curies":[{"name":"wp","href":"https:\/\/api.w.org\/{rel}","templated":true}]}}